)?
170
Let u(n) = -n**3 - 14*n**2 + 2*n - 42. Calculate u(-14).
-70
Let y(s) = -1482*s - 8893. Give y(-6).
-1
Let z(t) = -t**2 + 18*t - 41. Give z(0).
-41
Let c(w) = 1882*w - 11294. Give c(6).
-2
Let b(x) = -2*x**2 - 577*x + 2628. Determine b(-293).
-9
Let t(k) = 1186*k - 2322. What is t(2)?
50
Let r(v) = 3*v**2 + 54*v + 255. Calculate r(-6).
39
Let q(m) = m**3 - 13*m**2 + 27*m - 558. Give q(14).
16
Let u(g) = g**2 - 64*g + 413. Determine u(54).
-127
Let b(h) = 2*h**2 - 13*h + 17. Give b(5).
2
Let x(w) = -w**2 + 41*w + 386. Calculate x(-10).
-124
Let p(y) = 3*y**3 - 90*y - 13. What is p(0)?
-13
Let z(r) = -r**3 - 64*r**2 + 53*r - 781. Determine z(-65).
-1
Let p(v) = 141*v - 2404. What is p(17)?
-7
Let h(t) = -2*t**3 - 59*t**2 + 27*t - 92. Determine h(-30).
-2
Let u(s) = 4*s**3 - 3*s**2 + 9*s - 19. Determine u(3).
89
Let x(j) = 7*j**3 - 2*j**2 - 25*j + 81. What is x(3)?
177
Let s(f) = 29*f**2 - 379*f + 1174. Give s(5).
4
Let c(f) = -2*f**3 + 54*f**2 + 4*f - 66. What is c(27)?
42
Let f(t) = t**3 + 2*t**2 + t - 12. Give f(-5).
-92
Let o(w) = 24*w + 1651. Determine o(-64).
115
Let j(u) = -2*u**2 - 42*u + 476. What is j(-29)?
12
Let o(f) = 113*f + 2628. Calculate o(-23).
29
Let h(l) = l**3 + 8*l**2 - 8*l + 10. Determine h(-9).
1
Let w(t) = -331*t - 4200. Calculate w(-12).
-228
Let i(r) = -r**2 - 3*r + 35. Calculate i(-21).
-343
Let m(y) = 760*y + 4566. Determine m(-6).
6
Let g(o) = -7*o**3 - 62*o**2 - 46*o + 24. What is g(-8)?
8
Let r(a) = 457*a + 133. Give r(1).
590
Let l(m) = -m**3 + 15*m**2 + 26*m - 149. What is l(16)?
11
Let a(g) = -g**3 - 8*g - 7. Give a(-4).
89
Let r(a) = -a**3 - 16*a**2 + 226*a + 17. Calculate r(-25).
-8
Let c(g) = 28*g - 355. Determine c(12).
-19
Let d(j) = j**3 - 26*j**2 + 56*j - 31. Give d(24).
161
Let y(j) = 2*j**2 - 4*j + 152. Give y(12).
392
Let l(d) = -d**3 + 8*d**2 - 5*d + 9. Determine l(8).
-31
Let v(y) = 5*y + 272. Calculate v(-59).
-23
Let p(h) = h**3 - 86*h**2 + 251*h + 6. Give p(3).
12
Let x(g) = g**2 + 66*g - 1533. What is x(19)?
82
Let g(a) = 145*a - 4060. What is g(28)?
0
Let a(z) = z**2 - 155*z + 3781. Calculate a(125).
31
Let a(m) = -4*m**2 - 13*m + 5. Determine a(-6).
-61
Let x(z) = 2*z**3 + 16*z**2 + 23*z + 3. Give x(-2).
5
Let u(r) = -98*r - 952. Calculate u(-10).
28
Let c(n) = n - 80. Calculate c(-30).
-110
Let d(m) = -6968*m + 97558. Determine d(14).
6
Let l(b) = -386*b + 54025. What is l(140)?
-15
Let u(t) = -14*t**3 + 8*t**2 + 15*t - 34. Calculate u(-3).
371
Let d(x) = x**2 - 16*x - 171. Give d(-6).
-39
Let c(r) = 3*r**3 + 39*r**2 + 62*r + 3. Calculate c(-10).
283
Let j(g) = g**3 - 23*g**2 + 91*g - 116. Determine j(18).
-98
Let h(m) = 1240*m - 7476. Give h(6).
-36
Let w(p) = -100*p - 1606. Calculate w(-16).
-6
Let x(d) = -3*d**2 + 22*d + 31. Determine x(-1).
6
Let k(j) = 89*j - 2600. Determine k(29).
-19
Let o(k) = k**3 + 2*k**2 - 21*k - 29. Calculate o(-4).
23
Let b(x) = -x**2 + 16*x + 1554. What is b(-32)?
18
Let m(f) = -370*f + 2985. What is m(8)?
25
Let s(j) = j**3 - 6*j**2 - 25*j + 33. Give s(9).
51
Let o(b) = -4*b**3 + 41*b**2 + 17*b + 181. What is o(11)?
5
Let v(d) = -46*d**2 + 273*d + 20. What is v(6)?
2
Let x(t) = -t**3 - 10*t**2 + 4*t - 19. Determine x(-11).
58
Let c(y) = -303*y - 46354. Calculate c(-153).
5
Let n(v) = 2*v**3 + 15*v**2 - 60*v - 297. What is n(-9)?
0
Let o(w) = -31*w - 2676. Determine o(-86).
-10
Let r(q) = 2*q**3 + 3*q**2 - 5*q - 106. Give r(0).
-106
Let a(u) = u**3 + 26*u**2 - 316*u - 33. Calculate a(-35).
2
Let h(k) = -3*k**2 - 212*k + 493. Determine h(-73).
-18
Let m(c) = -78*c + 486. Calculate m(6).
18
Let m(n) = 248*n - 553. Give m(2).
-57
Let t(c) = 4*c - 35. Give t(4).
-19
Let z(t) = -24*t - 52. Determine z(-22).
476
Let z(c) = 7*c**2 + 31*c - 16. Determine z(-7).
110
Let i(q) = q**3 + 22*q**2 - 6*q + 1005. Give i(-24).
-3
Let d(i) = 17*i + 99. Determine d(-8).
-37
Let r(f) = 29*f**2 - 34*f - 2. What is r(-4)?
598
Let f(b) = b**3 - b**2 - 156*b - 2. What is f(13)?
-2
Let d(l) = -2*l**3 + 14*l**2 + 17*l + 3. What is d(8)?
11
Let w(f) = -76*f - 4853. Give w(-64).
11
Let g(a) = 28*a + 153. Determine g(-15).
-267
Let s(b) = b**3 + 11*b**2 + 2*b - 134. Calculate s(-9).
10
Let c(p) = 216*p - 4704. What is c(22)?
48
Let q(l) = -2*l**3 + 242*l**2 - 475*l - 114. Calculate q(119).
5
Let p(a) = 6*a**3 + 6*a**2 - 19*a - 46. Give p(-3).
-97
Let b(c) = -2*c**3 + 12*c**2 + 136*c - 850. Calculate b(6).
-34
Let z(g) = 18*g + 24. What is z(-4)?
-48
Let d(w) = 2*w**3 - 23*w**2 + 44*w + 20. Give d(9).
11
Let p(g) = -17*g**2 + 42*g + 5. What is p(3)?
-22
Let w(q) = 2*q**2 + 11*q - 13. Calculate w(-6).
-7
Let n(u) = -9*u**2 + 77*u + 172. Give n(-2).
-18
Let x(c) = 23*c**2 - 125*c - 16. What is x(6)?
62
Let j(w) = 3*w**3 + 113*w**2 - 38*w - 46. Calculate j(-38).
-46
Let i(t) = -t**3 + 2*t**2 - 63. Determine i(-4).
33
Let v(a) = -a**3 - 65*a**2 - 65*a - 84. Give v(-64).
-20
Let p(k) = -69*k + 11. Determine p(-2).
149
Let u(b) = -4*b**3 + 111*b**2 - 107*b - 3. Determine u(1).
-3
Let n(u) = u**2 - 60*u + 35. Give n(59).
-24
Let r(j) = 4*j**2 + 80*j + 35. Give r(-25).
535
Let g(k) = -4*k**2 - 118*k - 424. Give g(-23).
174
Let k(l) = -l**2 + 494*l - 48. Give k(0).
-48
Let f(j) = -16*j**2 - 93*j + 1836. Calculate f(-14).
2
Let n(i) = 14*i**2 - 1163*i + 1162. What is n(1)?
13
Let g(n) = n**3 + 10*n**2 - 223*n - 1865. Give g(-8).
47
Let a(x) = -72*x**3 - x**2 + 12*x - 11. What is a(1)?
-72
Let k(i) = -517*i**2 - 9296*i + 176. What is k(-18)?
-4
Let h(l) = l**3 - 44*l**2 - 48*l + 131. Calculate h(45).
-4
Let x(h) = -44*h**2 + 172*h - 12. Determine x(4).
-28
Let t(q) = 18*q**2 + 217*q + 5. What is t(-12)?
-7
Let j(l) = -l**2 + 66*l + 9502. Give j(-70).
-18
Let x(h) = -171*h + 5989. Give x(35).
4
Let n(m) = m**2 + 66*m + 657. Determine n(-12).
9
Let j(y) = -y**3 - 4*y**2 + 9*y - 28. Give j(-6).
-10
Let w(p) = p**2 + 43*p - 529. Determine w(12).
131
Let t(y) = 2*y**3 + 181*y**2 - 284*y - 731. What is t(-92)?
5
Let r(q) = -2*q**3 - 44*q**2 - 40*q + 45. What is r(-21)?
3
Let i(m) = -m**2 - 132*m - 4247. Determine i(-56).
9
Let o(t) = t**3 + 44*t**2 + 41*t - 103. Calculate o(-43).
-17
Let a(y) = -y**2 + 127*y + 14065. Calculate a(198).
7
Let j(o) = -2*o**2 + 22*o - 134. Calculate j(10).
-114
Let d(m) = 2*m**2 + 188*m + 2625. Determine d(-17).
7
Let k(h) = 25*h + 89. Determine k(-4).
-11
Let p(n) = 3*n**2 - 185*n + 108. Give p(61).
-14
Let u(i) = 5*i**2 + 125*i + 6. Calculate u(-26).
136
Let u(a) = -a**2 + 84*a - 1754. Determine u(41).
9
Let j(b) = -12*b**2 + 39*b - 146. Determine j(3).
-137
Let z(n) = -4*n**2 - 162*n + 487. What is z(3)?
-35
Let s(q) = 6*q**2 + 6*q + 105. Give s(6).
357
Let l(r) = -20*r + 107. What is l(-12)?
347
Let z(x) = -x**2 - 18*x - 59. Calculate z(-13).
6
Let w(p) = -288*p + 4331. Give w(15).
11
Let s(t) = t**2 + 30*t - 45. Determine s(-33).
54
Let b(j) = 54*j - 361. What is b(8)?
71
Let s(n) = n**2 - 1077*n + 68622. Calculate s(68).
10
Let r(p) = p**3 + 329*p**2 - 4093*p - 4. Give r(12).
-16
Let r(z) = -z**3 - 30*z**2 - 155*z - 266. Give r(-24).
-2
Let f(n) = 109*n + 3705. What is f(-34)?
-1
Let k(h) = 155*h + 2478. Calculate k(-16).
-2
Let t(w) = -746*w - 5218. Give t(-7).
4
Let a(h) = 9*h**3 - 2*h**2 + 2*h - 4. What is a(3)?
227
Let z(y) = 4*y**2 + 160*y - 75. Give z(-40).
-75
Let u(k) = -2*k**2 - 69*k + 50. Give u(-39).
-301
Let l(x) = -7*x**2 - 272*x + 327. Give l(-40).
7
Let t(m) = -m + 41. What is t(-8)?
49
Let v(b) = 2*b**3 - 162*b**2 + b - 101. Determine v(81).
-20
Let v(f) = -f**2 - 5*f - 58. Determine v(0).
-58
Let x(t) = -16*t**2 + 10*t + 15. Calculate x(-2).
-69
Let u(h) = -10*h**2 - 155*h - 144. Determine u(-15).
-69
Let h(y) = -3*y**2 - 31*y + 29. What is h(-12)?
-31
Let i(g) = 50*g + 359. Calculate i(-8).
-41
Let c(p) = -178*p - 3561. Calculate c(-20).
-1
Let y(u) = -140*u + 12. Give y(0).
12
Let c(o) = 6*o + 157. What is c(-32)?
-35
Let j(h) = 49*h**3 + h**2 + 5*h - 3. Determine j(2).
403
Let z(n) = n**3 + 83*n**2 - 731*n + 23. Calculate z(8).
-1
Let l(r) = 11*r**2 + 18*r - 120. Give l(6).
384
Let c(k) = -k**3 + 19*k**2 - 61*k + 54. What is c(7)?
215
Let a(x) = -280*x**2 + 6719*x + 31. Determine a(24).
7
Let l(n) = -9*n**2 + 10*n + 2. Give l(-3).
-109
Let o(p) = 59*p + 1162. What is o(-17)?
159
Let v(l) = 44*l - 36. What is v(1)?
8
Let t(c) = 4*c + 33. What i